{"id":334,"date":"2018-03-02T01:50:51","date_gmt":"2018-03-02T00:50:51","guid":{"rendered":"http:\/\/one-design.se\/?post_type=project&#038;p=334"},"modified":"2020-04-02T11:00:55","modified_gmt":"2020-04-02T09:00:55","slug":"vacse-arsredovisning-2015","status":"publish","type":"project","link":"http:\/\/formgiveriet.com\/?project=vacse-arsredovisning-2015","title":{"rendered":"\u00c5rsredovisning 2015 &#8211; Vacse"},"content":{"rendered":"<p>[et_pb_section fb_built=&#8221;1&#8243; _builder_version=&#8221;4.4.2&#8243; background_image=&#8221;http:\/\/one-design.se\/wp-content\/uploads\/2018\/03\/vacse_omslag15.jpg&#8221; custom_margin=&#8221;0px||0px|&#8221; custom_padding=&#8221;10px||10px||false|false&#8221; hover_enabled=&#8221;0&#8243; disabled_on=&#8221;on|off|off&#8221;][et_pb_row _builder_version=&#8221;3.25&#8243; background_color=&#8221;rgba(255,255,255,0)&#8221; custom_margin=&#8221;100px||100px|&#8221; column_structure=&#8221;1_2,1_2&#8243;][et_pb_column type=&#8221;1_2&#8243; _builder_version=&#8221;3.25&#8243; custom_padding=&#8221;|||&#8221; custom_padding__hover=&#8221;|||&#8221;][\/et_pb_column][et_pb_column type=&#8221;1_2&#8243; _builder_version=&#8221;3.25&#8243; custom_padding=&#8221;|||&#8221; custom_padding__hover=&#8221;|||&#8221;][et_pb_text _builder_version=&#8221;4.4.2&#8243; text_font=&#8221;Playfair Display||||||||&#8221; text_text_color=&#8221;#ffffff&#8221; text_line_height=&#8221;1.8em&#8221; header_font=&#8221;Playfair Display|600|on|on|||||&#8221; background_color=&#8221;#049699&#8243; background_layout=&#8221;dark&#8221; max_width=&#8221;85%&#8221; module_alignment=&#8221;center&#8221; custom_margin=&#8221;10px|10px|10px|10px&#8221; custom_padding=&#8221;20px|20px|20px|20px&#8221; hover_enabled=&#8221;0&#8243; border_radii=&#8221;on|5px|5px|5px|5px&#8221;]<\/p>\n<h2><\/h2>\n<h1>VACSE \u00c5RSREDOVISNING 2015<\/h1>\n<p>AD och formgivning i samarbete med Moow Kommunikation AB. Vi fick f\u00f6rtroendet att formge och sammanst\u00e4lla \u00e5rsredovisningen f\u00f6r 2015 \u00e5r fastighetsbolaget Vacse. Parallellt jobbades en grafisk profil fram d\u00e4r vi utgick fr\u00e5n Vacses logotyp och turkosa f\u00e4rg. Komplementf\u00e4rger, typsnitt och bildman\u00e9r togs fram. Illustrationer, kartor, designelement, grafer och diagram gjordes enligt den nya profilen.<\/p>\n<p>Varje \u00e5rsredovisning ska fr\u00e5n och med nu ha ett tema som g\u00e5r igen i omslag, bildval och i reportageform i framvagnen av \u00e5rsber\u00e4ttelsen. Denna g\u00e5ng f\u00f6ll valet p\u00e5 en av hyresg\u00e4sterna, Polisen i S\u00f6dert\u00e4lje.<br \/>\n[\/et_pb_text][\/et_pb_column][\/et_pb_row][\/et_pb_section][et_pb_section fb_built=&#8221;1&#8243; _builder_version=&#8221;4.4.2&#8243; disabled_on=&#8221;off|on|on&#8221; hover_enabled=&#8221;0&#8243;][et_pb_row _builder_version=&#8221;4.4.2&#8243; column_structure=&#8221;1_2,1_2&#8243;][et_pb_column _builder_version=&#8221;4.4.2&#8243; type=&#8221;1_2&#8243;][et_pb_image src=&#8221;http:\/\/one-design.se\/wp-content\/uploads\/2018\/03\/vacse_omslag15.jpg&#8221; _builder_version=&#8221;4.4.2&#8243; hover_enabled=&#8221;0&#8243;][\/et_pb_image][\/et_pb_column][et_pb_column _builder_version=&#8221;4.4.2&#8243; type=&#8221;1_2&#8243;][et_pb_text _builder_version=&#8221;4.4.2&#8243; text_font=&#8221;Playfair Display||||||||&#8221; text_text_color=&#8221;#ffffff&#8221; text_line_height=&#8221;1.8em&#8221; header_font=&#8221;Playfair Display|600|on|on|||||&#8221; background_color=&#8221;#049699&#8243; background_layout=&#8221;dark&#8221; max_width=&#8221;100%&#8221; module_alignment=&#8221;center&#8221; custom_margin=&#8221;0px|0px|0px|0px|false|false&#8221; custom_padding=&#8221;20px|20px|20px|20px&#8221; hover_enabled=&#8221;0&#8243; border_radii=&#8221;on|5px|5px|5px|5px&#8221;]<\/p>\n<h2><\/h2>\n<h1>VACSE \u00c5RSREDOVISNING 2015<\/h1>\n<p>AD och formgivning i samarbete med Moow Kommunikation AB. Vi fick f\u00f6rtroendet att formge och sammanst\u00e4lla \u00e5rsredovisningen f\u00f6r 2015 \u00e5r fastighetsbolaget Vacse. Parallellt jobbades en grafisk profil fram d\u00e4r vi utgick fr\u00e5n Vacses logotyp och turkosa f\u00e4rg. Komplementf\u00e4rger, typsnitt och bildman\u00e9r togs fram. Illustrationer, kartor, designelement, grafer och diagram gjordes enligt den nya profilen.<\/p>\n<p>Varje \u00e5rsredovisning ska fr\u00e5n och med nu ha ett tema som g\u00e5r igen i omslag, bildval och i reportageform i framvagnen av \u00e5rsber\u00e4ttelsen. Denna g\u00e5ng f\u00f6ll valet p\u00e5 en av hyresg\u00e4sterna, Polisen i S\u00f6dert\u00e4lje.<br \/>\n[\/et_pb_text][\/et_pb_column][\/et_pb_row][\/et_pb_section][et_pb_section fb_built=&#8221;1&#8243; _builder_version=&#8221;3.22&#8243;][et_pb_row _builder_version=&#8221;3.25&#8243; background_size=&#8221;initial&#8221; background_position=&#8221;top_left&#8221; background_repeat=&#8221;repeat&#8221; column_structure=&#8221;1_2,1_2&#8243;][et_pb_column type=&#8221;1_2&#8243; _builder_version=&#8221;3.25&#8243; custom_padding=&#8221;|||&#8221; custom_padding__hover=&#8221;|||&#8221;][et_pb_image src=&#8221;http:\/\/one-design.se\/wp-content\/uploads\/2018\/03\/vacse15_uppslag1.jpg&#8221; align_tablet=&#8221;center&#8221; align_last_edited=&#8221;on|desktop&#8221; _builder_version=&#8221;3.23&#8243; always_center_on_mobile=&#8221;on&#8221;][\/et_pb_image][\/et_pb_column][et_pb_column type=&#8221;1_2&#8243; _builder_version=&#8221;3.25&#8243; custom_padding=&#8221;|||&#8221; custom_padding__hover=&#8221;|||&#8221;][et_pb_image src=&#8221;http:\/\/one-design.se\/wp-content\/uploads\/2018\/03\/vacse_15_3.jpg&#8221; align_tablet=&#8221;center&#8221; align_last_edited=&#8221;on|desktop&#8221; _builder_version=&#8221;3.23&#8243; always_center_on_mobile=&#8221;on&#8221;][\/et_pb_image][\/et_pb_column][\/et_pb_row][et_pb_row _builder_version=&#8221;3.25&#8243; background_size=&#8221;initial&#8221; background_position=&#8221;top_left&#8221; background_repeat=&#8221;repeat&#8221; column_structure=&#8221;1_2,1_2&#8243;][et_pb_column type=&#8221;1_2&#8243; _builder_version=&#8221;3.25&#8243; custom_padding=&#8221;|||&#8221; custom_padding__hover=&#8221;|||&#8221;][et_pb_image src=&#8221;http:\/\/one-design.se\/wp-content\/uploads\/2018\/03\/vacse_finans.jpg&#8221; align_tablet=&#8221;center&#8221; align_last_edited=&#8221;on|desktop&#8221; _builder_version=&#8221;3.23&#8243; always_center_on_mobile=&#8221;on&#8221;][\/et_pb_image][\/et_pb_column][et_pb_column type=&#8221;1_2&#8243; _builder_version=&#8221;3.25&#8243; custom_padding=&#8221;|||&#8221; custom_padding__hover=&#8221;|||&#8221;][et_pb_image src=&#8221;http:\/\/one-design.se\/wp-content\/uploads\/2018\/03\/vacse_uppslag2.jpg&#8221; align_tablet=&#8221;center&#8221; align_last_edited=&#8221;on|desktop&#8221; _builder_version=&#8221;3.23&#8243; always_center_on_mobile=&#8221;on&#8221;][\/et_pb_image][\/et_pb_column][\/et_pb_row][\/et_pb_section]<\/p>\n","protected":false},"excerpt":{"rendered":"<p>VACSE \u00c5RSREDOVISNING 2015 AD och formgivning i samarbete med Moow Kommunikation AB. Vi fick f\u00f6rtroendet att formge och sammanst\u00e4lla \u00e5rsredovisningen f\u00f6r 2015 \u00e5r fastighetsbolaget Vacse. Parallellt jobbades en grafisk profil fram d\u00e4r vi utgick fr\u00e5n Vacses logotyp och turkosa f\u00e4rg. Komplementf\u00e4rger, typsnitt och bildman\u00e9r togs fram. Illustrationer, kartor, designelement, grafer och diagram gjordes enligt den [&hellip;]<\/p>\n","protected":false},"author":2,"featured_media":335,"comment_status":"open","ping_status":"closed","template":"","meta":{"_et_pb_use_builder":"on","_et_pb_old_content":"","_et_gb_content_width":"","footnotes":""},"project_category":[6],"project_tag":[],"_links":{"self":[{"href":"http:\/\/formgiveriet.com\/index.php?rest_route=\/wp\/v2\/project\/334"}],"collection":[{"href":"http:\/\/formgiveriet.com\/index.php?rest_route=\/wp\/v2\/project"}],"about":[{"href":"http:\/\/formgiveriet.com\/index.php?rest_route=\/wp\/v2\/types\/project"}],"author":[{"embeddable":true,"href":"http:\/\/formgiveriet.com\/index.php?rest_route=\/wp\/v2\/users\/2"}],"replies":[{"embeddable":true,"href":"http:\/\/formgiveriet.com\/index.php?rest_route=%2Fwp%2Fv2%2Fcomments&post=334"}],"version-history":[{"count":8,"href":"http:\/\/formgiveriet.com\/index.php?rest_route=\/wp\/v2\/project\/334\/revisions"}],"predecessor-version":[{"id":1224,"href":"http:\/\/formgiveriet.com\/index.php?rest_route=\/wp\/v2\/project\/334\/revisions\/1224"}],"wp:featuredmedia":[{"embeddable":true,"href":"http:\/\/formgiveriet.com\/index.php?rest_route=\/wp\/v2\/media\/335"}],"wp:attachment":[{"href":"http:\/\/formgiveriet.com\/index.php?rest_route=%2Fwp%2Fv2%2Fmedia&parent=334"}],"wp:term":[{"taxonomy":"project_category","embeddable":true,"href":"http:\/\/formgiveriet.com\/index.php?rest_route=%2Fwp%2Fv2%2Fproject_category&post=334"},{"taxonomy":"project_tag","embeddable":true,"href":"http:\/\/formgiveriet.com\/index.php?rest_route=%2Fwp%2Fv2%2Fproject_tag&post=334"}],"curies":[{"name":"wp","href":"https:\/\/api.w.org\/{rel}","templated":true}]}}

Årsredovisning 2015 &#8211; Vacse

<p>[et_pb_section fb_built=&#8221;1&#8243; _builder_version=&#8221;4.4.2&#8243; background_image=&#8221;http://one-design.se/wp-content/uploads/2018/03/vacse_omslag15.jpg&#8221; custom_margin=&#8221;0px||0px|&#8221; custom_padding=&#8221;10px||10px||false|false&#8221; hover_enabled=&#8221;0&#8243; disabled_on=&#8221;on|off|off&#8221;][et_pb_row _builder_version=&#8221;3.25&#8243; background_color=&#8221;rgba(255,255,255,0)&#8221; custom_margin=&#8221;100px||100px|&#8221; column_structure=&#8221;1_2,1_2&#8243;][et_pb_column type=&#8221;1_2&#8243; _builder_version=&#8221;3.25&#8243; custom_padding=&#8221;|||&#8221; custom_padding__hover=&#8221;|||&#8221;][/et_pb_column][et_pb_column type=&#8221;1_2&#8243; _builder_version=&#8221;3.25&#8243; custom_padding=&#8221;|||&#8221; custom_padding__hover=&#8221;|||&#8221;][et_pb_text _builder_version=&#8221;4.4.2&#8243; text_font=&#8221;Playfair Display||||||||&#8221; text_text_color=&#8221;#ffffff&#8221; text_line_height=&#8221;1.8em&#8221; header_font=&#8221;Playfair Display|600|on|on|||||&#8221; background_color=&#8221;#049699&#8243; background_layout=&#8221;dark&#8221; max_width=&#8221;85%&#8221; module_alignment=&#8221;center&#8221; custom_margin=&#8221;10px|10px|10px|10px&#8221; custom_padding=&#8221;20px|20px|20px|20px&#8221; hover_enabled=&#8221;0&#8243; border_radii=&#8221;on|5px|5px|5px|5px&#8221;]</p>
<h2></h2>
<h1>VACSE ÅRSREDOVISNING 2015</h1>
<p>AD och formgivning i samarbete med Moow Kommunikation AB. Vi fick förtroendet att formge och sammanställa årsredovisningen för 2015 år fastighetsbolaget Vacse. Parallellt jobbades en grafisk profil fram där vi utgick från Vacses logotyp och turkosa färg. Komplementfärger, typsnitt och bildmanér togs fram. Illustrationer, kartor, designelement, grafer och diagram gjordes enligt den nya profilen.</p>
<p>Varje årsredovisning ska från och med nu ha ett tema som går igen i omslag, bildval och i reportageform i framvagnen av årsberättelsen. Denna gång föll valet på en av hyresgästerna, Polisen i Södertälje.<br />
[/et_pb_text][/et_pb_column][/et_pb_row][/et_pb_section][et_pb_section fb_built=&#8221;1&#8243; _builder_version=&#8221;4.4.2&#8243; disabled_on=&#8221;off|on|on&#8221; hover_enabled=&#8221;0&#8243;][et_pb_row _builder_version=&#8221;4.4.2&#8243; column_structure=&#8221;1_2,1_2&#8243;][et_pb_column _builder_version=&#8221;4.4.2&#8243; type=&#8221;1_2&#8243;][et_pb_image src=&#8221;http://one-design.se/wp-content/uploads/2018/03/vacse_omslag15.jpg&#8221; _builder_version=&#8221;4.4.2&#8243; hover_enabled=&#8221;0&#8243;][/et_pb_image][/et_pb_column][et_pb_column _builder_version=&#8221;4.4.2&#8243; type=&#8221;1_2&#8243;][et_pb_text _builder_version=&#8221;4.4.2&#8243; text_font=&#8221;Playfair Display||||||||&#8221; text_text_color=&#8221;#ffffff&#8221; text_line_height=&#8221;1.8em&#8221; header_font=&#8221;Playfair Display|600|on|on|||||&#8221; background_color=&#8221;#049699&#8243; background_layout=&#8221;dark&#8221; max_width=&#8221;100%&#8221; module_alignment=&#8221;center&#8221; custom_margin=&#8221;0px|0px|0px|0px|false|false&#8221; custom_padding=&#8221;20px|20px|20px|20px&#8221; hover_enabled=&#8221;0&#8243; border_radii=&#8221;on|5px|5px|5px|5px&#8221;]</p>
<h2></h2>
<h1>VACSE ÅRSREDOVISNING 2015</h1>
<p>AD och formgivning i samarbete med Moow Kommunikation AB. Vi fick förtroendet att formge och sammanställa årsredovisningen för 2015 år fastighetsbolaget Vacse. Parallellt jobbades en grafisk profil fram där vi utgick från Vacses logotyp och turkosa färg. Komplementfärger, typsnitt och bildmanér togs fram. Illustrationer, kartor, designelement, grafer och diagram gjordes enligt den nya profilen.</p>
<p>Varje årsredovisning ska från och med nu ha ett tema som går igen i omslag, bildval och i reportageform i framvagnen av årsberättelsen. Denna gång föll valet på en av hyresgästerna, Polisen i Södertälje.<br />
[/et_pb_text][/et_pb_column][/et_pb_row][/et_pb_section][et_pb_section fb_built=&#8221;1&#8243; _builder_version=&#8221;3.22&#8243;][et_pb_row _builder_version=&#8221;3.25&#8243; background_size=&#8221;initial&#8221; background_position=&#8221;top_left&#8221; background_repeat=&#8221;repeat&#8221; column_structure=&#8221;1_2,1_2&#8243;][et_pb_column type=&#8221;1_2&#8243; _builder_version=&#8221;3.25&#8243; custom_padding=&#8221;|||&#8221; custom_padding__hover=&#8221;|||&#8221;][et_pb_image src=&#8221;http://one-design.se/wp-content/uploads/2018/03/vacse15_uppslag1.jpg&#8221; align_tablet=&#8221;center&#8221; align_last_edited=&#8221;on|desktop&#8221; _builder_version=&#8221;3.23&#8243; always_center_on_mobile=&#8221;on&#8221;][/et_pb_image][/et_pb_column][et_pb_column type=&#8221;1_2&#8243; _builder_version=&#8221;3.25&#8243; custom_padding=&#8221;|||&#8221; custom_padding__hover=&#8221;|||&#8221;][et_pb_image src=&#8221;http://one-design.se/wp-content/uploads/2018/03/vacse_15_3.jpg&#8221; align_tablet=&#8221;center&#8221; align_last_edited=&#8221;on|desktop&#8221; _builder_version=&#8221;3.23&#8243; always_center_on_mobile=&#8221;on&#8221;][/et_pb_image][/et_pb_column][/et_pb_row][et_pb_row _builder_version=&#8221;3.25&#8243; background_size=&#8221;initial&#8221; background_position=&#8221;top_left&#8221; background_repeat=&#8221;repeat&#8221; column_structure=&#8221;1_2,1_2&#8243;][et_pb_column type=&#8221;1_2&#8243; _builder_version=&#8221;3.25&#8243; custom_padding=&#8221;|||&#8221; custom_padding__hover=&#8221;|||&#8221;][et_pb_image src=&#8221;http://one-design.se/wp-content/uploads/2018/03/vacse_finans.jpg&#8221; align_tablet=&#8221;center&#8221; align_last_edited=&#8221;on|desktop&#8221; _builder_version=&#8221;3.23&#8243; always_center_on_mobile=&#8221;on&#8221;][/et_pb_image][/et_pb_column][et_pb_column type=&#8221;1_2&#8243; _builder_version=&#8221;3.25&#8243; custom_padding=&#8221;|||&#8221; custom_padding__hover=&#8221;|||&#8221;][et_pb_image src=&#8221;http://one-design.se/wp-content/uploads/2018/03/vacse_uppslag2.jpg&#8221; align_tablet=&#8221;center&#8221; align_last_edited=&#8221;on|desktop&#8221; _builder_version=&#8221;3.23&#8243; always_center_on_mobile=&#8221;on&#8221;][/et_pb_image][/et_pb_column][/et_pb_row][/et_pb_section]</p>

<p>VACSE ÅRSREDOVISNING 2015 AD och formgivning i samarbete med Moow Kommunikation AB. Vi fick förtroendet att formge och sammanställa årsredovisningen för 2015 år fastighetsbolaget Vacse. Parallellt jobbades en grafisk profil fram där vi utgick från Vacses logotyp och turkosa färg. Komplementfärger, typsnitt och bildmanér togs fram. Illustrationer, kartor, designelement, grafer och diagram gjordes enligt den [&hellip;]</p>
