{"id":578,"date":"2018-03-06T16:44:59","date_gmt":"2018-03-06T15:44:59","guid":{"rendered":"http:\/\/one-design.se\/?post_type=project&#038;p=578"},"modified":"2018-04-07T00:48:36","modified_gmt":"2018-04-06T22:48:36","slug":"jennie-seling","status":"publish","type":"project","link":"http:\/\/formgiveriet.com\/?project=jennie-seling","title":{"rendered":"MALIN &#038; BRIMIR"},"content":{"rendered":"<p>[et_pb_section bb_built=&#8221;1&#8243; _builder_version=&#8221;3.0.105&#8243; background_image=&#8221;http:\/\/one-design.se\/wp-content\/uploads\/2018\/03\/malin.jpg&#8221; custom_margin=&#8221;0px||0px|&#8221; custom_padding=&#8221;500px||500px|&#8221; next_background_color=&#8221;#000000&#8243;][et_pb_row _builder_version=&#8221;3.0.105&#8243; background_color=&#8221;rgba(255,255,255,0)&#8221; custom_margin=&#8221;100px||100px|&#8221;][et_pb_column type=&#8221;1_2&#8243;][\/et_pb_column][et_pb_column type=&#8221;1_2&#8243;][et_pb_text _builder_version=&#8221;3.0.105&#8243; background_color=&#8221;#049699&#8243; background_layout=&#8221;dark&#8221; text_font=&#8221;Playfair Display||||||||&#8221; text_text_color=&#8221;#ffffff&#8221; max_width=&#8221;60%&#8221; module_alignment=&#8221;center&#8221; border_radii=&#8221;on|5px|5px|5px|5px&#8221; custom_margin=&#8221;10px|10px|10px|10px&#8221; custom_padding=&#8221;20px|20px|20px|20px&#8221; header_font=&#8221;Playfair Display|600|on|on|||||&#8221; text_line_height=&#8221;1.8em&#8221;]<\/p>\n<h2><\/h2>\n<h1>MALIN &amp; BRIMIR<\/h1>\n<p>Portr\u00e4ttfotografering av Malin och Brimir f\u00f6r blogg, hemsida och tavlor.<\/p>\n<p>I bilderna ville jag f\u00e5 fram en ljus och sk\u00f6r sommark\u00e4nsla samt f\u00e5nga deras n\u00e4ra relation.<\/p>\n<p>[\/et_pb_text][\/et_pb_column][\/et_pb_row][\/et_pb_section][et_pb_section bb_built=&#8221;1&#8243; fullwidth=&#8221;off&#8221; specialty=&#8221;off&#8221; prev_background_color=&#8221;#000000&#8243;][et_pb_row][et_pb_column type=&#8221;1_2&#8243;][et_pb_image _builder_version=&#8221;3.0.105&#8243; show_in_lightbox=&#8221;off&#8221; url_new_window=&#8221;off&#8221; src=&#8221;http:\/\/one-design.se\/wp-content\/uploads\/2018\/03\/malin2.jpg&#8221; always_center_on_mobile=&#8221;on&#8221; use_overlay=&#8221;off&#8221; force_fullwidth=&#8221;off&#8221; show_bottom_space=&#8221;on&#8221; \/][et_pb_image _builder_version=&#8221;3.0.105&#8243; show_in_lightbox=&#8221;off&#8221; url_new_window=&#8221;off&#8221; src=&#8221;http:\/\/one-design.se\/wp-content\/uploads\/2018\/03\/malin3.jpg&#8221; always_center_on_mobile=&#8221;on&#8221; use_overlay=&#8221;off&#8221; force_fullwidth=&#8221;off&#8221; show_bottom_space=&#8221;on&#8221; \/][\/et_pb_column][et_pb_column type=&#8221;1_2&#8243;][et_pb_image _builder_version=&#8221;3.0.105&#8243; show_in_lightbox=&#8221;off&#8221; url_new_window=&#8221;off&#8221; src=&#8221;http:\/\/one-design.se\/wp-content\/uploads\/2018\/03\/malin1.jpg&#8221; always_center_on_mobile=&#8221;on&#8221; use_overlay=&#8221;off&#8221; force_fullwidth=&#8221;off&#8221; show_bottom_space=&#8221;on&#8221; \/][et_pb_image _builder_version=&#8221;3.0.105&#8243; show_in_lightbox=&#8221;off&#8221; url_new_window=&#8221;off&#8221; src=&#8221;http:\/\/one-design.se\/wp-content\/uploads\/2018\/03\/malin4.jpg&#8221; always_center_on_mobile=&#8221;on&#8221; use_overlay=&#8221;off&#8221; force_fullwidth=&#8221;off&#8221; show_bottom_space=&#8221;on&#8221; \/][\/et_pb_column][\/et_pb_row][\/et_pb_section]<\/p>\n","protected":false},"excerpt":{"rendered":"<p>MALIN &amp; BRIMIR Portr\u00e4ttfotografering av Malin och Brimir f\u00f6r blogg, hemsida och tavlor. I bilderna ville jag f\u00e5 fram en ljus och sk\u00f6r sommark\u00e4nsla samt f\u00e5nga deras n\u00e4ra relation. <div class=\"et_pb_row et_pb_row_0 et_pb_row_empty\">\r\n\t\t\t\t\r\n\t\t\t\t\r\n\t\t\t\t\r\n\t\t\t\t\r\n\t\t\t\t\r\n\t\t\t<\/div><\/p>\n","protected":false},"author":2,"featured_media":645,"comment_status":"open","ping_status":"closed","template":"","meta":{"_et_pb_use_builder":"on","_et_pb_old_content":"","_et_gb_content_width":"","footnotes":""},"project_category":[9],"project_tag":[],"_links":{"self":[{"href":"http:\/\/formgiveriet.com\/index.php?rest_route=\/wp\/v2\/project\/578"}],"collection":[{"href":"http:\/\/formgiveriet.com\/index.php?rest_route=\/wp\/v2\/project"}],"about":[{"href":"http:\/\/formgiveriet.com\/index.php?rest_route=\/wp\/v2\/types\/project"}],"author":[{"embeddable":true,"href":"http:\/\/formgiveriet.com\/index.php?rest_route=\/wp\/v2\/users\/2"}],"replies":[{"embeddable":true,"href":"http:\/\/formgiveriet.com\/index.php?rest_route=%2Fwp%2Fv2%2Fcomments&post=578"}],"version-history":[{"count":5,"href":"http:\/\/formgiveriet.com\/index.php?rest_route=\/wp\/v2\/project\/578\/revisions"}],"predecessor-version":[{"id":652,"href":"http:\/\/formgiveriet.com\/index.php?rest_route=\/wp\/v2\/project\/578\/revisions\/652"}],"wp:featuredmedia":[{"embeddable":true,"href":"http:\/\/formgiveriet.com\/index.php?rest_route=\/wp\/v2\/media\/645"}],"wp:attachment":[{"href":"http:\/\/formgiveriet.com\/index.php?rest_route=%2Fwp%2Fv2%2Fmedia&parent=578"}],"wp:term":[{"taxonomy":"project_category","embeddable":true,"href":"http:\/\/formgiveriet.com\/index.php?rest_route=%2Fwp%2Fv2%2Fproject_category&post=578"},{"taxonomy":"project_tag","embeddable":true,"href":"http:\/\/formgiveriet.com\/index.php?rest_route=%2Fwp%2Fv2%2Fproject_tag&post=578"}],"curies":[{"name":"wp","href":"https:\/\/api.w.org\/{rel}","templated":true}]}}

<p>[et_pb_section bb_built=&#8221;1&#8243; _builder_version=&#8221;3.0.105&#8243; background_image=&#8221;http://one-design.se/wp-content/uploads/2018/03/malin.jpg&#8221; custom_margin=&#8221;0px||0px|&#8221; custom_padding=&#8221;500px||500px|&#8221; next_background_color=&#8221;#000000&#8243;][et_pb_row _builder_version=&#8221;3.0.105&#8243; background_color=&#8221;rgba(255,255,255,0)&#8221; custom_margin=&#8221;100px||100px|&#8221;][et_pb_column type=&#8221;1_2&#8243;][/et_pb_column][et_pb_column type=&#8221;1_2&#8243;][et_pb_text _builder_version=&#8221;3.0.105&#8243; background_color=&#8221;#049699&#8243; background_layout=&#8221;dark&#8221; text_font=&#8221;Playfair Display||||||||&#8221; text_text_color=&#8221;#ffffff&#8221; max_width=&#8221;60%&#8221; module_alignment=&#8221;center&#8221; border_radii=&#8221;on|5px|5px|5px|5px&#8221; custom_margin=&#8221;10px|10px|10px|10px&#8221; custom_padding=&#8221;20px|20px|20px|20px&#8221; header_font=&#8221;Playfair Display|600|on|on|||||&#8221; text_line_height=&#8221;1.8em&#8221;]</p>
<h2></h2>
<h1>MALIN &amp; BRIMIR</h1>
<p>Porträttfotografering av Malin och Brimir för blogg, hemsida och tavlor.</p>
<p>I bilderna ville jag få fram en ljus och skör sommarkänsla samt fånga deras nära relation.</p>
<p>[/et_pb_text][/et_pb_column][/et_pb_row][/et_pb_section][et_pb_section bb_built=&#8221;1&#8243; fullwidth=&#8221;off&#8221; specialty=&#8221;off&#8221; prev_background_color=&#8221;#000000&#8243;][et_pb_row][et_pb_column type=&#8221;1_2&#8243;][et_pb_image _builder_version=&#8221;3.0.105&#8243; show_in_lightbox=&#8221;off&#8221; url_new_window=&#8221;off&#8221; src=&#8221;http://one-design.se/wp-content/uploads/2018/03/malin2.jpg&#8221; always_center_on_mobile=&#8221;on&#8221; use_overlay=&#8221;off&#8221; force_fullwidth=&#8221;off&#8221; show_bottom_space=&#8221;on&#8221; /][et_pb_image _builder_version=&#8221;3.0.105&#8243; show_in_lightbox=&#8221;off&#8221; url_new_window=&#8221;off&#8221; src=&#8221;http://one-design.se/wp-content/uploads/2018/03/malin3.jpg&#8221; always_center_on_mobile=&#8221;on&#8221; use_overlay=&#8221;off&#8221; force_fullwidth=&#8221;off&#8221; show_bottom_space=&#8221;on&#8221; /][/et_pb_column][et_pb_column type=&#8221;1_2&#8243;][et_pb_image _builder_version=&#8221;3.0.105&#8243; show_in_lightbox=&#8221;off&#8221; url_new_window=&#8221;off&#8221; src=&#8221;http://one-design.se/wp-content/uploads/2018/03/malin1.jpg&#8221; always_center_on_mobile=&#8221;on&#8221; use_overlay=&#8221;off&#8221; force_fullwidth=&#8221;off&#8221; show_bottom_space=&#8221;on&#8221; /][et_pb_image _builder_version=&#8221;3.0.105&#8243; show_in_lightbox=&#8221;off&#8221; url_new_window=&#8221;off&#8221; src=&#8221;http://one-design.se/wp-content/uploads/2018/03/malin4.jpg&#8221; always_center_on_mobile=&#8221;on&#8221; use_overlay=&#8221;off&#8221; force_fullwidth=&#8221;off&#8221; show_bottom_space=&#8221;on&#8221; /][/et_pb_column][/et_pb_row][/et_pb_section]</p>

<p>MALIN &amp; BRIMIR Porträttfotografering av Malin och Brimir för blogg, hemsida och tavlor. I bilderna ville jag få fram en ljus och skör sommarkänsla samt fånga deras nära relation. <div class="et_pb_row et_pb_row_0 et_pb_row_empty">
				
				
				
				
				
			</div></p>
