{"id":857,"date":"2018-07-25T16:39:00","date_gmt":"2018-07-25T14:39:00","guid":{"rendered":"http:\/\/one-design.se\/?post_type=project&#038;p=857"},"modified":"2020-04-02T10:38:05","modified_gmt":"2020-04-02T08:38:05","slug":"dynamic-vocal-kampanj-adventskonserter","status":"publish","type":"project","link":"http:\/\/formgiveriet.com\/?project=dynamic-vocal-kampanj-adventskonserter","title":{"rendered":"Kampanj adventskonserter &#8211; Dynamic Vocal"},"content":{"rendered":"<p>[et_pb_section fb_built=&#8221;1&#8243; _builder_version=&#8221;4.4.2&#8243; background_image=&#8221;http:\/\/one-design.se\/wp-content\/uploads\/2020\/03\/DV_ADVENT.jpg&#8221; min_height=&#8221;1000px&#8221; height=&#8221;944px&#8221; custom_margin=&#8221;0px||0px|&#8221; custom_padding=&#8221;31px||371px|||&#8221; hover_enabled=&#8221;0&#8243; disabled_on=&#8221;on|off|off&#8221;][et_pb_row column_structure=&#8221;1_2,1_2&#8243; _builder_version=&#8221;3.25&#8243; background_color=&#8221;rgba(255,255,255,0)&#8221; custom_margin=&#8221;32px|auto|100px|auto||&#8221;][et_pb_column type=&#8221;1_2&#8243; _builder_version=&#8221;3.25&#8243; custom_padding=&#8221;|||&#8221; custom_padding__hover=&#8221;|||&#8221;][et_pb_text _builder_version=&#8221;4.4.1&#8243; text_font=&#8221;Playfair Display||||||||&#8221; text_text_color=&#8221;#ffffff&#8221; text_line_height=&#8221;1.8em&#8221; header_font=&#8221;Playfair Display|600|on|on|||||&#8221; background_color=&#8221;#31003a&#8221; background_layout=&#8221;dark&#8221; max_width=&#8221;60%&#8221; module_alignment=&#8221;center&#8221; custom_margin=&#8221;10px|10px|10px|10px&#8221; custom_padding=&#8221;20px|20px|20px|20px&#8221; border_radii=&#8221;on|5px|5px|5px|5px&#8221;]<\/p>\n<h1>DYNAMIC VOCAL<\/h1>\n<p>Kampanj f\u00f6r a capella gruppen Dynamic Vocals adventskonserter. Affischer, annonser och digitala banners f\u00f6r web och sociala medier.<\/p>\n<p>Formgivning, illustration, bildretuschering och montage.<\/p>\n<p>[\/et_pb_text][\/et_pb_column][et_pb_column type=&#8221;1_2&#8243; _builder_version=&#8221;3.25&#8243; custom_padding=&#8221;|||&#8221; custom_padding__hover=&#8221;|||&#8221;][\/et_pb_column][\/et_pb_row][\/et_pb_section][et_pb_section fb_built=&#8221;1&#8243; _builder_version=&#8221;4.4.2&#8243; disabled_on=&#8221;off|on|on&#8221; hover_enabled=&#8221;0&#8243;][et_pb_row _builder_version=&#8221;4.4.2&#8243; column_structure=&#8221;1_2,1_2&#8243;][et_pb_column _builder_version=&#8221;4.4.2&#8243; type=&#8221;1_2&#8243;][et_pb_image src=&#8221;http:\/\/one-design.se\/wp-content\/uploads\/2020\/03\/DV_ADVENT.jpg&#8221; _builder_version=&#8221;4.4.2&#8243; hover_enabled=&#8221;0&#8243;][\/et_pb_image][\/et_pb_column][et_pb_column _builder_version=&#8221;4.4.2&#8243; type=&#8221;1_2&#8243;][et_pb_text _builder_version=&#8221;4.4.2&#8243; text_font=&#8221;Playfair Display||||||||&#8221; text_text_color=&#8221;#ffffff&#8221; text_line_height=&#8221;1.8em&#8221; header_font=&#8221;Playfair Display|600|on|on|||||&#8221; background_color=&#8221;#31003a&#8221; background_layout=&#8221;dark&#8221; max_width=&#8221;100%&#8221; module_alignment=&#8221;center&#8221; custom_margin=&#8221;|0px|0px|0px|false|false&#8221; custom_padding=&#8221;20px|20px|20px|20px&#8221; hover_enabled=&#8221;0&#8243; border_radii=&#8221;on|5px|5px|5px|5px&#8221;]<\/p>\n<h1>DYNAMIC VOCAL<\/h1>\n<p>Kampanj f\u00f6r a capella gruppen Dynamic Vocals adventskonserter. Affischer, annonser och digitala banners f\u00f6r web och sociala medier.<\/p>\n<p>Formgivning, illustration, bildretuschering och montage.<\/p>\n<p>[\/et_pb_text][\/et_pb_column][\/et_pb_row][\/et_pb_section][et_pb_section fb_built=&#8221;1&#8243; _builder_version=&#8221;3.22.3&#8243; custom_margin=&#8221;-70px|||||&#8221; custom_padding=&#8221;38px|||||&#8221;][\/et_pb_section]<\/p>\n","protected":false},"excerpt":{"rendered":"<p>DYNAMIC VOCAL Kampanj f\u00f6r a capella gruppen Dynamic Vocals adventskonserter. Affischer, annonser och digitala banners f\u00f6r web och sociala medier. Formgivning, illustration, bildretuschering och montage.DYNAMIC VOCAL Kampanj f\u00f6r a capella gruppen Dynamic Vocals adventskonserter. Affischer, annonser och digitala banners f\u00f6r web och sociala medier. Formgivning, illustration, bildretuschering och montage.<\/p>\n","protected":false},"author":2,"featured_media":858,"comment_status":"open","ping_status":"closed","template":"","meta":{"_et_pb_use_builder":"on","_et_pb_old_content":"","_et_gb_content_width":"","footnotes":""},"project_category":[6],"project_tag":[],"_links":{"self":[{"href":"http:\/\/formgiveriet.com\/index.php?rest_route=\/wp\/v2\/project\/857"}],"collection":[{"href":"http:\/\/formgiveriet.com\/index.php?rest_route=\/wp\/v2\/project"}],"about":[{"href":"http:\/\/formgiveriet.com\/index.php?rest_route=\/wp\/v2\/types\/project"}],"author":[{"embeddable":true,"href":"http:\/\/formgiveriet.com\/index.php?rest_route=\/wp\/v2\/users\/2"}],"replies":[{"embeddable":true,"href":"http:\/\/formgiveriet.com\/index.php?rest_route=%2Fwp%2Fv2%2Fcomments&post=857"}],"version-history":[{"count":9,"href":"http:\/\/formgiveriet.com\/index.php?rest_route=\/wp\/v2\/project\/857\/revisions"}],"predecessor-version":[{"id":1206,"href":"http:\/\/formgiveriet.com\/index.php?rest_route=\/wp\/v2\/project\/857\/revisions\/1206"}],"wp:featuredmedia":[{"embeddable":true,"href":"http:\/\/formgiveriet.com\/index.php?rest_route=\/wp\/v2\/media\/858"}],"wp:attachment":[{"href":"http:\/\/formgiveriet.com\/index.php?rest_route=%2Fwp%2Fv2%2Fmedia&parent=857"}],"wp:term":[{"taxonomy":"project_category","embeddable":true,"href":"http:\/\/formgiveriet.com\/index.php?rest_route=%2Fwp%2Fv2%2Fproject_category&post=857"},{"taxonomy":"project_tag","embeddable":true,"href":"http:\/\/formgiveriet.com\/index.php?rest_route=%2Fwp%2Fv2%2Fproject_tag&post=857"}],"curies":[{"name":"wp","href":"https:\/\/api.w.org\/{rel}","templated":true}]}}

<p>[et_pb_section fb_built=&#8221;1&#8243; _builder_version=&#8221;4.4.2&#8243; background_image=&#8221;http://one-design.se/wp-content/uploads/2020/03/DV_ADVENT.jpg&#8221; min_height=&#8221;1000px&#8221; height=&#8221;944px&#8221; custom_margin=&#8221;0px||0px|&#8221; custom_padding=&#8221;31px||371px|||&#8221; hover_enabled=&#8221;0&#8243; disabled_on=&#8221;on|off|off&#8221;][et_pb_row column_structure=&#8221;1_2,1_2&#8243; _builder_version=&#8221;3.25&#8243; background_color=&#8221;rgba(255,255,255,0)&#8221; custom_margin=&#8221;32px|auto|100px|auto||&#8221;][et_pb_column type=&#8221;1_2&#8243; _builder_version=&#8221;3.25&#8243; custom_padding=&#8221;|||&#8221; custom_padding__hover=&#8221;|||&#8221;][et_pb_text _builder_version=&#8221;4.4.1&#8243; text_font=&#8221;Playfair Display||||||||&#8221; text_text_color=&#8221;#ffffff&#8221; text_line_height=&#8221;1.8em&#8221; header_font=&#8221;Playfair Display|600|on|on|||||&#8221; background_color=&#8221;#31003a&#8221; background_layout=&#8221;dark&#8221; max_width=&#8221;60%&#8221; module_alignment=&#8221;center&#8221; custom_margin=&#8221;10px|10px|10px|10px&#8221; custom_padding=&#8221;20px|20px|20px|20px&#8221; border_radii=&#8221;on|5px|5px|5px|5px&#8221;]</p>
<h1>DYNAMIC VOCAL</h1>
<p>Kampanj för a capella gruppen Dynamic Vocals adventskonserter. Affischer, annonser och digitala banners för web och sociala medier.</p>
<p>Formgivning, illustration, bildretuschering och montage.</p>
<p>[/et_pb_text][/et_pb_column][et_pb_column type=&#8221;1_2&#8243; _builder_version=&#8221;3.25&#8243; custom_padding=&#8221;|||&#8221; custom_padding__hover=&#8221;|||&#8221;][/et_pb_column][/et_pb_row][/et_pb_section][et_pb_section fb_built=&#8221;1&#8243; _builder_version=&#8221;4.4.2&#8243; disabled_on=&#8221;off|on|on&#8221; hover_enabled=&#8221;0&#8243;][et_pb_row _builder_version=&#8221;4.4.2&#8243; column_structure=&#8221;1_2,1_2&#8243;][et_pb_column _builder_version=&#8221;4.4.2&#8243; type=&#8221;1_2&#8243;][et_pb_image src=&#8221;http://one-design.se/wp-content/uploads/2020/03/DV_ADVENT.jpg&#8221; _builder_version=&#8221;4.4.2&#8243; hover_enabled=&#8221;0&#8243;][/et_pb_image][/et_pb_column][et_pb_column _builder_version=&#8221;4.4.2&#8243; type=&#8221;1_2&#8243;][et_pb_text _builder_version=&#8221;4.4.2&#8243; text_font=&#8221;Playfair Display||||||||&#8221; text_text_color=&#8221;#ffffff&#8221; text_line_height=&#8221;1.8em&#8221; header_font=&#8221;Playfair Display|600|on|on|||||&#8221; background_color=&#8221;#31003a&#8221; background_layout=&#8221;dark&#8221; max_width=&#8221;100%&#8221; module_alignment=&#8221;center&#8221; custom_margin=&#8221;|0px|0px|0px|false|false&#8221; custom_padding=&#8221;20px|20px|20px|20px&#8221; hover_enabled=&#8221;0&#8243; border_radii=&#8221;on|5px|5px|5px|5px&#8221;]</p>
<h1>DYNAMIC VOCAL</h1>
<p>Kampanj för a capella gruppen Dynamic Vocals adventskonserter. Affischer, annonser och digitala banners för web och sociala medier.</p>
<p>Formgivning, illustration, bildretuschering och montage.</p>
<p>[/et_pb_text][/et_pb_column][/et_pb_row][/et_pb_section][et_pb_section fb_built=&#8221;1&#8243; _builder_version=&#8221;3.22.3&#8243; custom_margin=&#8221;-70px|||||&#8221; custom_padding=&#8221;38px|||||&#8221;][/et_pb_section]</p>

<p>DYNAMIC VOCAL Kampanj för a capella gruppen Dynamic Vocals adventskonserter. Affischer, annonser och digitala banners för web och sociala medier. Formgivning, illustration, bildretuschering och montage.DYNAMIC VOCAL Kampanj för a capella gruppen Dynamic Vocals adventskonserter. Affischer, annonser och digitala banners för web och sociala medier. Formgivning, illustration, bildretuschering och montage.</p>
